15/(-25) + (-28)/(-5). Let k(h) = h - 3. Let s be k(6). Suppose s*r = 56 - 11. What is the greatest common factor of o and r?
5
Suppose -40748 - 164568 = -160*x + 73724. Calculate the highest common factor of x and 763.
109
Let d(k) = -4*k**2 - 76*k + 25. Let y be d(-20). Let s be 129/516 - y/4. Calculate the greatest common factor of s and 14.
14
Suppose 2*d + 33 = l, 21 = l + d - 0*d. Suppose -5*f + 5*z = -f + 20, z - l = 5*f. Let i be ((-15)/4)/f*(5 + 83). What is the highest common factor of 3 and i?
3
Let h(n) = -93*n + 24. Let g be h(-3). Let w = g + -294. What is the highest common divisor of w and 153?
9
Let n = -78 - -81. Let l be (2 + n/(-2))*-10. Let p(k) = 4*k**2 + k + 7. Let m be p(l). What is the highest common factor of 6 and m?
6
Let y be (-4 + 1)*(602/42 - 15). Let k(h) = h**3 + 6*h**2 + 3*h. Let r be k(-3). Calculate the highest common factor of r and y.
2
Let y be 4/38 - -786*1005/855. Calculate the highest common factor of y and 126.
42
Let y = 5 + 27. Let z(r) = -12*r - 125. Let o be z(-14). Let t be o/5 + 1*27/(-45). What is the highest common factor of t and y?
8
Let w(s) = -4*s**3 - 2*s**2 - s + 2. Let a be w(-2). Suppose 4*t = j + j - 94, 3*j - 3 = 0. Let k = t - -27. Calculate the greatest common factor of a and k.
4
Let f(m) = m**2 - 53*m + 7. Let s be f(-9). Let d = s - 545. Suppose 4*o = -4*v + 100, 2*v - 3*o - 65 = -8*o. What is the greatest common divisor of v and d?
20
Let z be (-16794)/(-8) - ((-581)/28 - -20). Calculate the greatest common factor of z and 120.
60
Suppose 0 = 2*l - m - 9, -12*m - 13 = -3*l - 10*m. Suppose 2*s - 3*j = 145, 3*j - 415 = -l*s - 0*j. What is the greatest common factor of s and 5?
5
Let n(x) = -11*x + 453. Let l be n(27). What is the greatest common factor of l and 6357?
39
Let g be 2/8 + (-55)/(-4) + -2. Let x be 2*-15*g/30*-1. Calculate the highest common divisor of x and 12.
12
Let k(z) = -79*z - 57. Let v be k(-8). What is the greatest common factor of 345 and v?
115
Let h = -82274 + 82288. Suppose -z - 3*j + 5*j = -10, -3*z + 2*j = -10. Let a be 56/3*3 - z. Calculate the greatest common factor of a and h.
14
Let d = 1709 + -1697. Calculate the highest common divisor of d and 3924.
12
Let q = -5193 - -5231. Calculate the highest common factor of 17 and q.
1
Suppose -24*g + 5978 = 98*g. Calculate the highest common divisor of 637 and g.
49
Suppose 0 = -5*r - 5*d + 1790, 2*r - 269 = d + 435. Let b = -31 - -37. Calculate the greatest common divisor of b and r.
6
Suppose 4*b = -b + 30, -2*r + b + 704 = 0. What is the greatest common divisor of r and 3337?
71
Let l be (12/60 - 2/(-15))*90. Suppose n + 110 = 2*n + 5*m, 5*n - 5*m = 610. What is the highest common factor of l and n?
30
Let f = 2 + 19. Suppose 0 = 19*t - f*t + 12. What is the greatest common divisor of t and 42?
6
Let o(q) = 86*q. Let b be o(-3). Let x be -6 - (-1 + -3 + 144). Let u = x - b. What is the greatest common divisor of u and 16?
16
Let w be 4/(-6 + (-128)/(-22)). Let y be 4/w + 629/11. What is the highest common divisor of y and 114?
57
Let k be (-30 - 1404/(-13)) + 9/(-1). What is the highest common factor of 6187 and k?
23
Let c be ((-3272)/3681)/((-2)/45). Let y = -28 - -40. Let x(i) = 5*i. Let a be x(y). Calculate the highest common factor of c and a.
20
Let p be 2829 - (4/3 - (-450)/(-54)). What is the highest common factor of p and 4?
4
Let b be -95 + (1/6 - (-34)/12). Let u = -32 - b. Suppose 2*f - u = 3*n, -2*f + f + 2*n = -28. Calculate the highest common divisor of f and 24.
12
Let u = 18 + -13. Let t be (-6)/(5/(u + -25)). Suppose 4*d = 8*d - 192. Calculate the highest common divisor of t and d.
24
Let u(a) be the second derivative of -a**5/20 - a**4/6 - a**3/3 + a. Let s be u(-3). Let z = -8059 - -8089. Calculate the highest common factor of s and z.
15
Suppose 0*m + 195 = 3*m - 3*k, -m = -4*k - 74. Suppose -130*i + 135*i = -r + 7746, -3*i = r - 4646. What is the highest common divisor of i and m?
62
Suppose 0 = 22*w + w - 46. Suppose 0 = d - a - 28 - 56, -5*d = w*a - 392. What is the greatest common factor of 208 and d?
16
Let a = 124 - 14. Let w(r) = 3*r**3 - 22*r**2 + 40*r - 86. Let g be w(6). Calculate the greatest common divisor of g and a.
10
Let j be 4851/44 + (-144)/64. Let k = 55 - 7. Suppose 0 = 2*b + 2*b - k. What is the highest common divisor of j and b?
12
Let z = -18 - -142. Suppose -294 = -5*k - 214. Calculate the greatest common factor of z and k.
4
Let s(i) = 2*i**2 - 9*i + 27. Let y be 1/2 - (-4)/((-40)/(-715)). Let o = 84 - y. Let u be s(o). Calculate the highest common divisor of 23 and u.
23
Suppose -5*t + 125 = -55. Suppose -679*u = -665*u - 3276. Calculate the greatest common factor of t and u.
18
Suppose -3 - 7 = -5*c. Let k = -57 + -12. Let g = 95 + k. What is the highest common divisor of g and c?
2
Let f(j) = 2*j + 46. Let c be f(19). Suppose 2*q + 3*d = 50, -8*d = 4*q - 6*d - c. Suppose 3*m + 672 = q*m. What is the greatest common factor of 210 and m?
42
Let d(y) = 16*y**2 - 2*y - 2. Let b be d(-3). Let z(w) = -w**3 - 31*w**2 - 197*w + 13. Let v be z(-9). Calculate the highest common factor of b and v.
4
Let v be 4/6*(136 + 2). Let w = 1562 + -1424. What is the greatest common factor of w and v?
46
Let c = 288 + 65. Let m = 828 - c. What is the highest common divisor of 25 and m?
25
Suppose 2*y + 4*g - 246 = 0, -3*y + 101*g = 103*g - 353. Calculate the highest common factor of y and 40.
5
Let c = -18 - -58. Suppose 11*f - 4 = 9*f, -2*j = 2*f - 204. Calculate the greatest common divisor of j and c.
20
Let v(z) = z**2 + 14 + 0 + 33*z + 9*z + z**2. Let y be v(-21). What is the greatest common divisor of 56 and y?
14
Let b = 73367 - 33747. What is the greatest common factor of b and 140?
140
Let q(x) = 5*x**2 + 27*x + 127. Let k be q(-5). What is the greatest common divisor of k and 234?
117
Suppose -4*a = -2*v - 2, -2*a + 43 = 41. What is the greatest common divisor of 356 and v?
1
Let a(l) = l**2 + 96*l - 475. Let o be a(-101). What is the highest common factor of o and 1050?
30
Suppose 341 = 3*n + 6*s - s, 4*n - 412 = 4*s. Suppose 4*b + n*g = 109*g + 222, 3*b - 166 = 2*g. Calculate the highest common factor of b and 49.
7
Let m = -1139 - -1179. Let j be (18/12)/((-3)/(-8)). Suppose 1 = q - j. Calculate the highest common factor of m and q.
5
Let g(x) = -4*x**3 + 6*x - 11*x - 4*x + 1 + 6*x. Let o be g(-2). Calculate the highest common divisor of 3 and o.
3
Let h = 1316 - 887. What is the highest common factor of h and 286?
143
Suppose d + 5616 = 5*d. Suppose 4*u = 2*p + 2076 - 204, -3*u = -5*p - d. Calculate the highest common factor of 36 and u.
36
Suppose 12*l + 3378 = 9930. Let v = l + -496. What is the highest common divisor of 650 and v?
50
Suppose -3*a - 2*f - 8 = -6*a, a + f = 6. Suppose 4*l - 872 = 4*x, -a*x = -5*l - 3*x + 1098. What is the highest common factor of l and 10?
10
Let r = -2117 - -4777. Calculate the greatest common factor of 40 and r.
20
Suppose 5*c + 7 = -4*h, -13 = -5*c + 7*c + 5*h. Let q be (-2 - 1)/c - -52. Suppose 34 = -47*p + q*p. What is the greatest common factor of p and 17?
17
Let n = 57 - 30. Suppose -50*o = -954 - 3546. Calculate the greatest common factor of n and o.
9
Let n be 0 - (0/1)/((-10)/5). Let w(p) = 2*p**2 + 6*p + 6. Let r be w(-2). Suppose n*v - 20 = -r*v. What is the highest common factor of 25 and v?
5
Suppose 4*r = -27*b + 24*b - 3010, 3768 = -5*r - b. Let c = r + 788. Calculate the greatest common divisor of 51 and c.
17
Let o(c) be the second derivative of 2*c**4 - c**3/6 - c**2/2 + 2*c - 51. Let j be o(-1). What is the greatest common divisor of j and 24?
24
Suppose 3*a - 6717 = 15*m, -2*a - 16*m + 12*m + 4408 = 0. What is the highest common factor of a and 108?
54
Let v(y) = y**2 - 21*y + 155. Let b be v(11). Let i be (-2)/(-6) + (-2)/6. Suppose i*t = -t + b. Calculate the highest common factor of t and 9.
9
Let k be 1 + 19 + -8 - -26478. Calculate the highest common divisor of 30 and k.
30
Let k(t) = 7*t - 14. Let l be k(19). Calculate the highest common divisor of 3451 and l.
119
Suppose 0 = -v + 8*y - 3*y + 85, 3*v - 2*y - 268 = 0. Suppose 24*k = 30*k - v. What is the greatest common factor of 3 and k?
3
Let a = -2104 - -4755. Let x be a/44 + (-2 - 0)/8. Suppose 0 = -3*z + 26 + 34. Calculate the highest common di